digit of (1707*-1)/(117 - 118)?
7
Let r be 8/32 - 78/(-8). Let y(m) = m**2 - 6*m + 11. What is the tens digit of y(r)?
5
Let y = 1091 + 170. What is the hundreds digit of y?
2
Suppose -13*f + 10*f = 0, f - 5825 = -5*q. What is the tens digit of q?
6
Let o be (8/(-10))/(4 + (-3022)/755). What is the tens digit of (2 - o)/(-3) + 2?
0
Let f(d) = 4 - 5 - d**3 - 6*d**2 - 1. Let p be f(-6). What is the units digit of (-2)/(p - -1) + 3?
5
What is the units digit of 2/11 - (-86697)/209?
5
Let d be 297/(-6) + (4/8)/(-1). Let p = d + 256. What is the units digit of p?
6
Let g = -12 + 20. Let l be g/(-10) - 80/25. What is the tens digit of (-1)/l*0 - -18?
1
Let k(m) = 2*m**2 + 8*m + 1. Let z(c) = -5*c + 16. Let p be z(6). Let u = 9 + p. What is the units digit of k(u)?
1
Suppose -y - 4*y = 125. Let o = 28 + y. Suppose 0 = p - g - 53, -5*g + 89 + 86 = o*p. What is the units digit of p?
5
Let t(m) = -15*m + 253. What is the units digit of t(11)?
8
Suppose 0 = 5*u + 33*z - 37*z - 537, 0 = -2*u + 3*z + 219. What is the hundreds digit of u?
1
Suppose -5776 = -18*m + 5744. What is the tens digit of m?
4
Let o = 3678 - 1916. Suppose -7*g + 247 + o = 0. What is the hundreds digit of g?
2
What is the hundreds digit of ((-153)/27 + 3)*(1 + -226)?
6
Suppose 6*s + 14 = 7*s. Let g be (15/(-4))/(s/56). Let l = g - -24. What is the units digit of l?
9
Let j = -8 - -42. Suppose -4*w + j = -2*w. Let u = w - -7. What is the units digit of u?
4
Let s(u) be the third derivative of u**4/6 - 7*u**3/6 - u**2 + 12*u. Suppose 4*c - 2*g - 4 = 0, 2*c - 5*g + 15 = 1. What is the units digit of s(c)?
5
Suppose -3*i + 852 = w, 12*w = 2*i + 8*w - 554. What is the tens digit of i?
8
What is the units digit of (-4)/(-3)*89910/36?
0
Suppose 3*f - 1649 = -326. What is the tens digit of f?
4
What is the hundreds digit of 3/(-2)*-4*(-1443)/(-18)?
4
Let s(c) be the first derivative of -c**4/2 + c + 4. Let t(g) = 2*g - 25. Let v be t(12). What is the units digit of s(v)?
3
Suppose -6*r + 39 = -33. Let v be (200/r)/(4/30). Suppose 5*t - v = -0*t - 5*k, -5*t = 2*k - 137. What is the tens digit of t?
2
Let l = 255 - 158. Suppose -2*k - 4*o = -218, -k - 2*o = -4*o - l. What is the units digit of k?
3
Suppose 0 = -5*w - 2*h + 360, -3*h - h = -w + 72. Let f be (0 + -1)/(4/(-20)). Suppose 3*q + w = f*q. What is the units digit of q?
6
Let y be 12/7 + 10/35. Suppose -4*r = y*j - r - 72, -3*j - 4*r = -109. What is the units digit of j?
9
Suppose -3*r + 12420 = 2*d, -13*r = -9*r - 3*d - 16577. What is the units digit of r?
2
Let j = 25 + -15. Let y = j + 78. What is the units digit of 12*(y/12 - 2)?
4
Let x(i) be the first derivative of 2*i**3/3 - 3*i**2/2 + i - 5. What is the units digit of x(6)?
5
Let h(v) = 10*v**2 + 3*v - 11. What is the hundreds digit of h(7)?
5
Suppose -i = -5*r + 273, 2*r - 5*r - 4*i = -173. Let h = -12 + r. What is the units digit of h?
3
Let g(a) = -a + 18. Let n(l) = l - 1. Let u(c) = g(c) + 4*n(c). What is the units digit of u(15)?
9
Suppose 0 = -m + 3*b + 9, 0*b = 3*m + 4*b - 1. Suppose 3*f = t - 57, m*t - f = -0*f + 131. Suppose -38 = -4*n + t. What is the units digit of n?
0
What is the tens digit of (-3)/((-3)/4) - -2240?
4
Suppose -2*a - 49 = 1. Let i = a - -55. Suppose h + 2*k = 26, 0 = 2*h - 3*k + i - 89. What is the units digit of h?
8
Let u(x) = -x**2 + 43*x + 2. What is the hundreds digit of u(18)?
4
Suppose h + 2*i - 1897 = -i, 4*h + i - 7588 = 0. What is the tens digit of h?
9
Let r = -11 + 9. Let h be 4 - r*(-2 + 1). Suppose -x - 33 = -h*x. What is the tens digit of x?
3
Suppose 5*m + 6*w - w = 0, 0 = 3*m + w. Suppose m*g = -g. Suppose -8*i + 5*i + 45 = g. What is the tens digit of i?
1
Let l be -6*2*(-3)/9. Suppose l*t + 161 = 5*o + t, 5*o - 2*t = 159. What is the units digit of o?
1
Suppose 0 = 22*i - 16835 - 23095. What is the hundreds digit of i?
8
Let z(f) = -f**3 + f**2. Let p(j) = -5*j**3 + j**2 + 3*j + 13. Let n(l) = p(l) - 6*z(l). Suppose 0 = -5*s + 20 + 10. What is the tens digit of n(s)?
6
Let x = -32 - -33. What is the units digit of 25*x/3*3?
5
Suppose 0 = 16*r - 7144 - 7288. What is the units digit of r?
2
Suppose 49*s - 63490 = 35*s. What is the tens digit of s?
3
Let n be 464/(-48) - 1/3. Let p = n + 6. What is the units digit of p/(-10) + 103/5?
1
Suppose -45 = 6*h - 15*h. Suppose -v = -3*t + 4*t - 127, -4*v + h*t + 535 = 0. What is the hundreds digit of v?
1
Let w = 8 + -6. Let j be 6 - 9 - w*-3. Suppose -v = -s + 15, j*s + v = -0 + 33. What is the tens digit of s?
1
Let c(r) = -40*r - 291. What is the tens digit of c(-10)?
0
Suppose -2*l + 4071 = 3*w, 4*l + 5*w - 12064 + 3923 = 0. What is the thousands digit of l?
2
Let s(d) = 99*d**2 - 16*d - 54. What is the hundreds digit of s(-3)?
8
Suppose -6*o - 192 = -38*o. Let d(j) = 2 - 3*j + 8*j + 3*j**2 - 2*j**2. What is the units digit of d(o)?
8
What is the thousands digit of (10 - (-3717)/6)*(3 - 1)?
1
Let n = -1044 - -1357. What is the units digit of n?
3
Let t(h) = -3*h - 13. Suppose s + 4 + 2 = 0. Let q be t(s). Suppose -10*f + q*f + 10 = 0. What is the units digit of f?
2
Let j(z) = -z**3 - 10*z**2 - 7*z + 47. Let m be j(-9). Let w be (10/(-3))/((-2)/(-6)). What is the tens digit of w + 14 - -1*m?
3
What is the units digit of (-5)/25 - 2943/(-15) - 1?
5
Let b(y) = 19*y**2 - 10*y - 11. What is the hundreds digit of b(-8)?
2
Let w(r) = r**2 + r - 16. Let h(a) = -2*a**2 - 2*a + 31. Let k(j) = -3*h(j) - 7*w(j). Let c = -27 - -27. What is the tens digit of k(c)?
1
What is the tens digit of 5 - (5*7/35 + -125)?
2
What is the units digit of (-51)/((0 - 57/(-33)) + -2)?
7
Let w(z) = -z - 6. Let r be w(-7). Suppose 18 = -2*v - 4*u, -49 = 5*v + 5*u + r. Let c = v + 13. What is the units digit of c?
2
Let o(v) = 28*v**2 - 26*v + 42. What is the tens digit of o(8)?
2
Let l be 11/2 - 6/(-12). Let x(s) = -s**3 + 5*s**2 + 7*s - 6. Let f be x(l). Suppose -c = -f*c - 12. What is the units digit of c?
2
Let h(m) = -19*m + 5. Suppose -d + 8 = 3*j - 16, 15 = 5*d. Let c be h(j). Let o = 202 + c. What is the units digit of o?
4
Let c(i) = -111*i - 336. What is the hundreds digit of c(-12)?
9
What is the tens digit of (-1)/(-3) - (-75)/(-9)*-5?
4
Suppose -144 = -4*d - 5*j, -3*d - 5*j = -143 + 35. Let f be ((-2)/8)/(17/(-408)). What is the tens digit of (156/d)/(2/f)?
1
Let u(r) = -r**3 + 5*r**2 + 7*r + 2. Let k be u(6). Let f(g) = g**2 - 4*g - 10. What is the units digit of f(k)?
2
Let x = 75 + -71. What is the tens digit of 7/(214/(-54) + x)?
8
Let g be 3*((-2)/(-3) + 2). Let z(b) = -b**3 - 11*b**2 + 12*b + 2. Let x be z(-12). Suppose 3*n - g = x*n. What is the units digit of n?
8
Let s = -216 - -340. What is the tens digit of s?
2
Let p = -34 + 36. What is the tens digit of (p/(-4))/((-9)/1188)?
6
Let p = 10 + -9. What is the units digit of (0 - p) + 8 - 4?
3
Suppose 5*b + 25 = 5*x, -5*x = -3*b - 16 - 9. Let i(v) = 39*v - 15 - 79*v + 38*v + 54. What is the units digit of i(b)?
9
Suppose 5*s - 2*f + 3*f - 42 = 0, 4*f = -5*s + 33. What is the units digit of s/(27/(-6)) - -126?
4
Let b = -3 - -3. Let o = 16 - b. What is the tens digit of o?
1
Let i = -11 + 7. Suppose -t - 8 = -2*t. Let x = t + i. What is the units digit of x?
4
Suppose -3*m + 321 = 2*p - 1035, -700 = -p + 4*m. What is the hundreds digit of p?
6
Suppose -3*u + u + 56 = 0. Suppose -2*c - 20 - u = 0. Let z = -15 - c. What is the units digit of z?
9
Let c(o) = 2*o - 6. Let s be c(7). Let m be (-4)/s - (-3)/6. Suppose m = 2*b + 3*b - 45. What is the units digit of b?
9
Let a(s) = 6*s**3 - s + 3. Let t be a(-2). Let f = t + 99. What is the units digit of f?
6
Let v = 2306 - 17. What is the units digit of v?
9
Let p = 2 - -4. Suppose 4*t = -5*u + 22, -2*t - 2*u = -p - 4. Suppose z = -t + 4. What is the units digit of z?
1
Let s = -2031 - -3764. What is the tens digit of s?
3
Suppose -s - u - 3*u + 9 = 0, -2*s - 2*u = -12. Suppose -i - 59 = -2*y, 144 = 4*y - s*i + 35. What is the units digit of y?
1
Suppose 8*r - 190 = 1034. What is the hundreds digit of r?
1
Let k be 5/(10/(-4))*-6. Let s = 17 - k. What is the units digit of s?
5
Let i(z) = z**3 + 16*z**2 + 10*z + 46. Let s(q) = 2*q**3 + 31*q**2 + 19*q + 91. Let x(w) = -5*i(w) + 3*s(w). What is the units digit of x(-11)?
8
Suppose -2*z - 131 = -375. What is the units digit of z?
2
Let d(l) = 3*l**2 - 5